{"id":864,"date":"2019-05-16T13:59:52","date_gmt":"2019-05-16T16:59:52","guid":{"rendered":"https:\/\/www.encontrarecife.com.br\/sobre\/?page_id=864"},"modified":"2019-05-16T14:00:32","modified_gmt":"2019-05-16T17:00:32","slug":"marco-zero-recife","status":"publish","type":"page","link":"https:\/\/www.encontrarecife.com.br\/sobre\/marco-zero-recife\/","title":{"rendered":"Marco Zero Recife"},"content":{"rendered":"<div class=\"13f566c1641b828fb11817b18261638d\" data-index=\"1\" style=\"float: none; margin:0px;\">\n<!-- Anuncio display - global -->\r\n<ins class=\"adsbygoogle\"\r\n     style=\"display:block\"\r\n     data-ad-client=\"ca-pub-8585364105181520\"\r\n     data-ad-slot=\"8789329856\"\r\n     data-ad-format=\"auto\"\r\n     data-full-width-responsive=\"true\"><\/ins>\r\n<script>\r\n     (adsbygoogle = window.adsbygoogle || []).push({});\r\n<\/script>\n<\/div>\n<p>A Pra\u00e7a Rio Branco, tamb\u00e9m conhecida como <strong>Marco Zero<\/strong>, \u00e9 um espa\u00e7o p\u00fablico localizado no bairro do Recife da cidade hom\u00f4nima, capital de Pernambuco.<\/p>\n<p>O local fica pr\u00f3ximo ao Porto do Recife e abriga o Marco Zero da cidade do Recife. \u00c9 deste marco que s\u00e3o feitas todas as medidas oficiais de dist\u00e2ncias rodovi\u00e1rias locais. Oficialmente denominada de Pra\u00e7a Bar\u00e3o do Rio Branco, fica localizada na Av. Alfredo Lisboa conectada \u00e0s ruas Marqu\u00eas de Olinda, Rio Branco e Barbosa Lima.<\/p>\n<p><img decoding=\"async\" loading=\"lazy\" class=\"alignnone wp-image-866 size-full\" title=\"Marco Zero Recife\" src=\"https:\/\/www.encontrarecife.com.br\/sobre\/wp-content\/uploads\/marco-zero-recife.gif\" alt=\"Marco Zero Recife\" width=\"680\" height=\"189\" \/><\/p>\n<p>Al\u00e9m do Marco Zero, existe na pra\u00e7a um busto do Bar\u00e3o do Rio Branco, escultura do franc\u00eas F\u00e9lix Charpeutier, colocada ali em 1917, em bronze com uma altura de 2,5m e foi inaugurada, sob um pedestal em pedra de 4,20m, esculpido por Corbiniano Vila\u00e7a, em 19 de agosto do mesmo ano. Dando a obra uma altura de 7m.<\/p>\n<p>O norte da pra\u00e7a \u00e9 banhado pelo estu\u00e1rio do porto do Recife, formado pelo Rio Capibaribe. O estu\u00e1rio \u00e9 protegido por um dique natural, local em que se encontra o Parque das Esculturas com a famosa obra Coluna de Cristal de 32 metros de altura e inspirada em uma flor descoberta por Burle Marx e varias outras obras em cer\u00e2mica do artista Francisco Brennand. No dique encontra-se tamb\u00e9m a Casa de Banhos, que n\u00e3o existe mais, e o Farol do Recife. O dique tem uma extens\u00e3o 4km de comprimento e come\u00e7a no bairro de Bras\u00edlia Teimosa.<\/p>\n<h2>Marco Zero\u00a0Recife\u00a0Hist\u00f3ria<\/h2>\n<p>No in\u00edcio do s\u00e9culo passado, o centro do Recife passou por dr\u00e1sticas reformas, com projetos de higieniza\u00e7\u00e3o urbana e melhoramento das condi\u00e7\u00f5es do Porto do Recife. Na pr\u00e1tica, a higieniza\u00e7\u00e3o social se traduziu em desapropria\u00e7\u00f5es de pelo menos 480 im\u00f3veis que foram demolidos para a abertura das tr\u00eas novas avenidas no Bairro.<\/p>\n<p>Com esta grande reforma, profundas modifica\u00e7\u00f5es foram feitas no bairro e na pra\u00e7a, como a demoli\u00e7\u00e3o da Matriz do Corpo Santo e a abertura de novas e largas avenidas. No local onde estava a igreja, est\u00e1 edificado o edif\u00edcio Maur\u00edcio de Nassau, de caracter\u00edsticas modernas e fachadas em vidro. Ao seu lado foram constru\u00eddos os pr\u00e9dios da Associa\u00e7\u00e3o Comercial de Pernambuco e a Bolsa de Valores. Estes dois pr\u00e9dios apresentam, em sua arquitetura, n\u00edtida influ\u00eancia francesa que se caracteriza pela mistura de diversos elementos construtivos, al\u00e9m do armaz\u00e9m 10 e 12 que serviam ao porto do Recife para estoque de a\u00e7\u00facar. Estes pr\u00e9dios, hoje, abrigam a sede do Grupo Industrial Jo\u00e3o Santos, o Santander Cultural, a Associa\u00e7\u00e3o Comercial de Pernambuco, a Caixa Cultural e o Centro de Artesanato de Pernambuco, considerado o maior do segmento no Brasil.<\/p>\n<p>Em 1999 a pra\u00e7a que existia no local recebeu severas modifica\u00e7\u00f5es. O busto do Bar\u00e3o do Rio Branco e o Marco Zero foram realocados para a borda da pra\u00e7a. A &#8220;nova pra\u00e7a&#8221; foi projetada pelo pintor C\u00edcero Dias, em 1999. No seu centro se encontra uma enorme obra de arte feita por ele. Inspirado em sua obra Eu vi o mundo e ele come\u00e7ava no Recife, criou um grande circulo com uma Rosa dos Ventos no centro. A obra tem em m\u00e9dia 10m de raio. Atualmente serve como ponto de encontro de jovens, desportistas, artistas, turistas e moradores da cidade. Al\u00e9m de ser palco de comemora\u00e7\u00f5es e apresenta\u00e7\u00f5es art\u00edsticas.<\/p>\n<h3>Marco Zero\u00a0Recife\u00a0Restaurantes<\/h3>\n<p>Em volta de toda Pra\u00e7a Rio Branco voc\u00ea encontra diversidade<em>\u00a0<\/em><i>restaurantes <\/i>que certamente agradar\u00e1 a todos os gostos.<em><br \/>\n<\/em><\/p>\n<h3>Marco Zero\u00a0Recife\u00a0Fotos<\/h3>\n<p><img decoding=\"async\" loading=\"lazy\" class=\"alignnone wp-image-865 size-full\" title=\"Marco Zero Recife Fotos\" src=\"https:\/\/www.encontrarecife.com.br\/sobre\/wp-content\/uploads\/marco-zero-fotos.gif\" alt=\"Marco Zero Recife Fotos\" width=\"538\" height=\"450\" \/><\/p>\n<h3>Hor\u00e1rio de Funcionamento\u00a0Marco Zero em Recife<\/h3>\n<ul>\n<li>24 horas<\/li>\n<\/ul>\n<h3>Endere\u00e7o\u00a0Marco Zero em Recife<\/h3>\n<ul>\n<li>\n<div>\n<div class=\"vk_sh vk_bk\">\n<div class=\"desktop-title-content\">Pra\u00e7a Rio Branco &#8211; Recife &#8211; PE &#8211; Cep: 50030-230<\/div>\n<\/div>\n<\/div>\n<\/li>\n<\/ul>\n<h4>Mapa de localiza\u00e7\u00e3o<\/h4>\n<a class=\"wp-colorbox-iframe\" href=\"https:\/\/www.google.com\/maps\/embed?pb=!1m18!1m12!1m3!1d3950.38888675928!2d-34.87285608521999!3d-8.061755994195364!2m3!1f0!2f0!3f0!3m2!1i1024!2i768!4f13.1!3m3!1m2!1s0x7ab18a48f26183d0x6a9ebfb27ba8f98d!2sPraa+Rio+Branco+-+Recife+PE+50030-230!5e0!3m2!1spt-BR!2sbr!4v1558025919902!5m2!1spt-BR!2sb\"><img src=\"http:\/\/www.encontrarecife.com.br\/imgs\/maps-post.png\"><\/a>\n\n<div style=\"font-size: 0px; height: 0px; line-height: 0px; margin: 0; padding: 0; clear: both;\"><\/div>","protected":false},"excerpt":{"rendered":"<p>A Pra\u00e7a Rio Branco, tamb\u00e9m conhecida como Marco Zero, \u00e9 um espa\u00e7o p\u00fablico localizado no bairro do Recife da cidade hom\u00f4nima, capital de Pernambuco. O local fica pr\u00f3ximo ao Porto do Recife e abriga o Marco Zero da cidade do Recife. \u00c9 deste marco que s\u00e3o feitas todas as medidas oficiais de dist\u00e2ncias rodovi\u00e1rias locais. Oficialmente denominada de Pra\u00e7a Bar\u00e3o do Rio Branco, fica localizada na Av. Alfredo Lisboa conectada \u00e0s ruas Marqu\u00eas de Olinda, Rio Branco e Barbosa Lima. Al\u00e9m do Marco Zero, existe na pra\u00e7a um busto do Bar\u00e3o do Rio Branco, escultura do franc\u00eas F\u00e9lix Charpeutier, colocada <\/p>\n","protected":false},"author":1,"featured_media":0,"parent":0,"menu_order":0,"comment_status":"closed","ping_status":"closed","template":"","meta":[],"aioseo_notices":[],"_links":{"self":[{"href":"https:\/\/www.encontrarecife.com.br\/sobre\/wp-json\/wp\/v2\/pages\/864"}],"collection":[{"href":"https:\/\/www.encontrarecife.com.br\/sobre\/wp-json\/wp\/v2\/pages"}],"about":[{"href":"https:\/\/www.encontrarecife.com.br\/sobre\/wp-json\/wp\/v2\/types\/page"}],"author":[{"embeddable":true,"href":"https:\/\/www.encontrarecife.com.br\/sobre\/wp-json\/wp\/v2\/users\/1"}],"replies":[{"embeddable":true,"href":"https:\/\/www.encontrarecife.com.br\/sobre\/wp-json\/wp\/v2\/comments?post=864"}],"version-history":[{"count":0,"href":"https:\/\/www.encontrarecife.com.br\/sobre\/wp-json\/wp\/v2\/pages\/864\/revisions"}],"wp:attachment":[{"href":"https:\/\/www.encontrarecife.com.br\/sobre\/wp-json\/wp\/v2\/media?parent=864"}],"curies":[{"name":"wp","href":"https:\/\/api.w.org\/{rel}","templated":true}]}}